actors of 201570.
2, 3, 5, 6719
What are the prime factors of 310636?
2, 77659
What are the prime factors of 192207?
3, 79, 811
What are the prime factors of 1512879?
3, 101, 4993
List the prime factors of 1199215.
5, 239843
List the prime factors of 1646008.
2, 7, 13, 17, 19
List the prime factors of 70676.
2, 17669
List the prime factors of 462173.
29, 15937
List the prime factors of 659689.
659689
What are the prime factors of 537796?
2, 7, 19207
List the prime factors of 658050.
2, 3, 5, 41, 107
What are the prime factors of 8143922?
2, 37, 167, 659
List the prime factors of 2639529.
3, 313, 937
What are the prime factors of 359832?
2, 3, 11, 29, 47
What are the prime factors of 196337?
196337
List the prime factors of 193966.
2, 293, 331
List the prime factors of 2544099.
3, 23, 36871
What are the prime factors of 65809?
65809
What are the prime factors of 2749544?
2, 7, 37, 1327
What are the prime factors of 5065365?
3, 5, 337691
What are the prime factors of 249220?
2, 5, 17, 733
List the prime factors of 4487348.
2, 1121837
What are the prime factors of 452810?
2, 5, 45281
What are the prime factors of 754729?
757, 997
What are the prime factors of 2109949?
2109949
What are the prime factors of 73118?
2, 36559
What are the prime factors of 463743?
3, 7, 17, 433
List the prime factors of 255259.
255259
What are the prime factors of 782321?
41, 19081
What are the prime factors of 506986?
2, 253493
List the prime factors of 5821183.
5821183
What are the prime factors of 18560?
2, 5, 29
List the prime factors of 156711.
3, 52237
What are the prime factors of 1393398?
2, 3, 199, 389
What are the prime factors of 638389?
467, 1367
What are the prime factors of 51509?
19, 2711
List the prime factors of 6664227.
3, 23, 59, 1637
What are the prime factors of 912564?
2, 3, 25349
What are the prime factors of 6146293?
311, 19763
What are the prime factors of 358686?
2, 3, 19927
List the prime factors of 410445.
3, 5, 7, 1303
What are the prime factors of 67989?
3, 131, 173
What are the prime factors of 1369529?
7, 179, 1093
List the prime factors of 1047276.
2, 3, 9697
List the prime factors of 10052549.
13, 773273
What are the prime factors of 12847?
29, 443
What are the prime factors of 4242960?
2, 3, 5, 71, 83
What are the prime factors of 2239933?
2239933
What are the prime factors of 636276?
2, 3, 17, 3119
List the prime factors of 15767314.
2, 7883657
List the prime factors of 787973.
787973
What are the prime factors of 1029681?
3, 191, 599
List the prime factors of 1114248.
2, 3, 17, 2731
List the prime factors of 1891108.
2, 19, 149, 167
List the prime factors of 3766519.
3766519
What are the prime factors of 44456?
2, 5557
List the prime factors of 436767.
3, 145589
What are the prime factors of 7976604?
2, 3, 17, 61, 641
List the prime factors of 2352364.
2, 7, 29, 2897
What are the prime factors of 1480457?
11, 134587
What are the prime factors of 229451?
59, 3889
List the prime factors of 400005.
3, 5, 2963
What are the prime factors of 945746?
2, 103, 4591
List the prime factors of 1461078.
2, 3, 29, 311
List the prime factors of 989112.
2, 3, 41213
What are the prime factors of 15371192?
2, 107, 17957
List the prime factors of 9279475.
5, 371179
List the prime factors of 868030.
2, 5, 61, 1423
What are the prime factors of 3486427?
7, 498061
What are the prime factors of 5237917?
89, 229, 257
List the prime factors of 300050.
2, 5, 17, 353
What are the prime factors of 3167580?
2, 3, 5, 13, 31, 131
List the prime factors of 1948519.
1948519
What are the prime factors of 223841?
223841
List the prime factors of 1926798.
2, 3, 71, 4523
What are the prime factors of 15990121?
7, 59, 5531
What are the prime factors of 5884822?
2, 17, 73, 2371
What are the prime factors of 2036825?
5, 7, 103, 113
What are the prime factors of 77911?
17, 4583
List the prime factors of 2116739.
29, 47, 1553
List the prime factors of 865134.
2, 3, 37, 433
List the prime factors of 713286.
2, 3, 7, 17, 37
List the prime factors of 279850.
2, 5, 29, 193
List the prime factors of 1819263.
3, 317, 1913
What are the prime factors of 6807715?
5, 47, 59, 491
What are the prime factors of 1823605?
5, 7, 52103
What are the prime factors of 56090?
2, 5, 71, 79
List the prime factors of 676395.
3, 5, 15031
What are the prime factors of 2780322?
2, 3, 463387
What are the prime factors of 358560?
2, 3, 5, 83
List the prime factors of 37418.
2, 53, 353
What are the prime factors of 7062554?
2, 3531277
List the prime factors of 1856711.
191, 9721
What are the prime factors of 5855119?
47, 124577
List the prime factors of 2027210.
2, 5, 73, 2777
What are the prime factors of 717992?
2, 11, 41, 199
List the prime factors of 10674863.
73, 349, 419
What are the prime factors of 1084407?
3, 361469
List the prime factors of 3882092.
2, 199, 4877
List the prime factors of 1381483.
1381483
List the prime factors of 8997401.
7, 37, 34739
List the prime factors of 218650.
2, 5, 4373
List the prime factors of 523425.
3, 5, 7, 997
What are the prime factors of 240818?
2, 347
List the prime factors of 1511006.
2, 7, 37, 2917
List the prime factors of 258391.
7, 36913
What are the prime factors of 1679656?
2, 11, 19087
List the prime factors of 1829106.
2, 3, 307, 331
What are the prime factors of 6503051?
41, 158611
What are the prime factors of 66619?
7, 31, 307
What are the prime factors of 16834075?
5, 37, 18199
What are the prime factors of 144335?
5, 28867
List the prime factors of 20579493.
3, 11, 623621
What are the prime factors of 4849982?
2, 2424991
List the prime factors of 57547.
7, 8221
List the prime factors of 701462.
2, 350731
What are the prime factors of 14690253?
3, 83, 58997
What are the prime factors of 7994988?
2, 3, 337, 659
What are the prime factors of 486134?
2, 11, 19, 1163
List the prime factors of 2671256.
2, 7, 47701
List the prime factors of 111170.
2, 5, 11117
What are the prime factors of 2627000?
2, 5, 37, 71
What are the prime factors of 26813415?
3, 5, 1787561
What are the prime factors of 552713?
7, 23, 3433
List the prime factors of 165157.
317, 521
List the prime factors of 1124643.
3, 13, 28837
What are the prime factors of 256342?
2, 67, 1913
List the prime factors of 1297224.
2, 3, 43, 419
List the prime factors of 7282122.
2, 3, 23, 52769
List the prime factors of 724042.
2, 11, 32911
What are the prime factors of 1876381?
13, 37, 47, 83
List the prime factors of 1017945.
3, 5, 22621
What are the prime factors of 33343673?
11, 59, 83, 619
List the prime factors of 2804113.
13, 41, 5261
What are the prime factors of 3207478?
2, 233, 6883
What are the prime factors of 161442?
2, 3, 8969
List the prime factors of 1201060.
2, 5, 7, 23, 373
List the prime factors of 878386.
2, 199, 2207
What are the prime factors of 1171595?
5, 234319
List the prime factors of 137700.
2, 3, 5, 17
List the prime factors of 319234.
2, 159617
List the prime factors of 305716.
2, 23, 3323
List the prime factors of 14190079.
1801, 7879
List the prime factors of 4325497.
11, 17, 23131
What are the prime factors of 28337?
43, 659
What are the prime factors of 986919?
3, 61, 5393
List the prime factors of 286520.
2, 5, 13, 19, 29
List the prime factors of 1384778.
2, 692389
List the prime factors of 90365.
5, 11, 31, 53
What are the prime factors of 1797286?
2, 19, 47297
List the prime factors of 2834154.
2, 3, 19, 8287
List the prime factors of 295617.
3, 7, 2011
What are the prime factors of 2052273?
3, 684091
List the prime factors of 19513568.
2, 23, 26513
List the prime factors of 282313.
282313
What are the prime factors of 352379?
29, 419
What are the prime factors of 636865?
5, 127373
What are the prime factors of 1071958?
2, 71, 7549
What are the prime factors of 57614?
2, 28807
What are the prime factors of 15403001?
31, 496871
List the prime factors of 1211714.
2, 7, 41, 2111
What are the prime factors of 13292570?
2, 5, 73, 131, 139
List the prime factors of 6571337.
6571337
What are the prime factors of 1025526?
2, 3, 170921
What are the prime factors of 1806322?
2, 7, 129023
List the prime factors of 341902.
2, 11, 15541
What are the prime factors of 19809759?
3, 223, 29611
List the prime factors of 58913.
58913
What are the prime factors of 1790539?
1